alse
Is 54271 composite?
True
Is 6071 a prime number?
False
Is 43573 prime?
True
Is 259549 a composite number?
True
Is 152101 a prime number?
False
Is 1036157 composite?
True
Is 769 prime?
True
Is 19319 composite?
False
Is 60941 a composite number?
True
Is 882239 composite?
False
Is 19249 prime?
True
Is 5017 prime?
False
Is 8039 a prime number?
True
Is 5686441 a composite number?
False
Is 3691 prime?
True
Is 12787 composite?
True
Is 9293 a prime number?
True
Is 27437 a prime number?
True
Is 94201 prime?
True
Is 12521 a prime number?
False
Is 23609 prime?
True
Is 1223 a composite number?
False
Is 222427 composite?
True
Is 25771 prime?
True
Is 374219 a composite number?
False
Is 6145 composite?
True
Is 307763 a composite number?
True
Is 58285 a prime number?
False
Is 138085 composite?
True
Is 141593 a composite number?
True
Is 70781 a prime number?
False
Is 568801 a composite number?
True
Is 42817 a composite number?
True
Is 10963 prime?
False
Is 127273 composite?
True
Is 21059 composite?
False
Is 8059 prime?
True
Is 59333 a composite number?
False
Is 22739 a composite number?
False
Is 5227 a composite number?
False
Is 217 a prime number?
False
Is 614 a composite number?
True
Is 268403 a prime number?
True
Is 205565 prime?
False
Is 781669 composite?
True
Is 62503 prime?
False
Is 925367 composite?
True
Is 46231 a composite number?
True
Is 36433 composite?
False
Is 239807 a composite number?
False
Is 610943 prime?
False
Is 4097 a prime number?
False
Is 54559 a composite number?
False
Is 147121 prime?
False
Is 943301 prime?
True
Is 17315 a composite number?
True
Is 548711 a composite number?
True
Is 1009 a composite number?
False
Is 59861 a prime number?
False
Is 52289 prime?
True
Is 2483 composite?
True
Is 39745 a prime number?
False
Is 22565 a composite number?
True
Is 185891 a composite number?
True
Is 206627 a prime number?
True
Is 3319 composite?
False
Is 11351 prime?
True
Is 3493 prime?
False
Is 3719 a prime number?
True
Is 73819 a prime number?
True
Is 153841 a composite number?
False
Is 43603 a prime number?
False
Is 223415 composite?
True
Is 365411 a composite number?
False
Is 6437 prime?
False
Is 292015 a prime number?
False
Is 7751 a composite number?
True
Is 344093 composite?
True
Is 2378171 a composite number?
False
Is 11597 a composite number?
False
Is 5207 a composite number?
True
Is 6031 a prime number?
False
Is 355891 a prime number?
True
Is 17902 composite?
True
Is 1147915 a prime number?
False
Is 246539 a prime number?
True
Is 950465 a prime number?
False
Is 145109 a composite number?
False
Is 36637 prime?
True
Is 33119 composite?
False
Is 18851 prime?
False
Is 325849 prime?
True
Is 123817 a composite number?
False
Is 8657 composite?
True
Is 34233 prime?
False
Is 3298699 a prime number?
True
Is 734 a composite number?
True
Is 43451 prime?
True
Is 446069 a prime number?
False
Is 25901 composite?
True
Is 354455 a composite number?
True
Is 5177 a composite number?
True
Is 52811 composite?
True
Is 49291 a prime number?
False
Is 264683 prime?
False
Is 54533 composite?
True
Is 23347 a composite number?
True
Is 287689 a composite number?
False
Is 30827 prime?
False
Is 5702 composite?
True
Is 1057993 composite?
False
Is 2267942 a prime number?
False
Is 841369 a composite number?
False
Is 1471 prime?
True
Is 704137 composite?
True
Is 64549 a composite number?
True
Is 271289 a prime number?
True
Is 156235 a prime number?
False
Is 206969 composite?
True
Is 1361 a prime number?
True
Is 2231 a composite number?
True
Is 1976021 a prime number?
False
Is 15919 a prime number?
True
Is 475117 prime?
False
Is 2364685 a prime number?
False
Is 95947 a composite number?
False
Is 7621 composite?
False
Is 2489 composite?
True
Is 4409 prime?
True
Is 27349 a prime number?
False
Is 2579 a prime number?
True
Is 122719 a prime number?
True
Is 34835 composite?
True
Is 5669 a prime number?
True
Is 216823 composite?
True
Is 126695 a prime number?
False
Is 24331 prime?
False
Is 12443 a composite number?
True
Is 216955 a prime number?
False
Is 144869 a composite number?
True
Is 954889 a prime number?
False
Is 2777 a composite number?
False
Is 28349 composite?
False
Is 13501 a prime number?
False
Is 116923 a prime number?
True
Is 115633 a prime number?
False
Is 1087 a prime number?
True
Is 30869 a prime number?
True
Is 771409 composite?
True
Is 523799 prime?
False
Is 50987 composite?
True
Is 997 composite?
False
Is 34939 prime?
True
Is 523397 composite?
True
Is 117101 a prime number?
True
Is 410339 composite?
False
Is 2277883 prime?
True
Is 314197 composite?
True
Is 435131 a prime number?
True
Is 71933 composite?
False
Is 352331 prime?
False
Is 194507 a prime number?
True
Is 110719 prime?
False
Is 35291 a composite number?
False
Is 15937 a composite number?
False
Is 421847 composite?
False
Is 998 composite?
True
Is 13811 composite?
True
Is 1414867 composite?
True
Is 62591 composite?
False
Is 64267 prime?
False
Is 8989 composite?
True
Is 463929 composite?
True
Is 21433 composite?
False
Is 64147 prime?
False
Is 3779 a prime number?
True
Is 77329 a prime number?
False
Is 15551 a composite number?
False
Is 6001271 prime?
True
Is 6502 a composite number?
True
Is 579129 a prime number?
False
Is 60847 a composite number?
True
Is 16879 prime?
True
Is 27059 a composite number?
False
Is 283243 a prime number?
False
Is 118207 a prime number?
False
Is 562193 a composite number?
False
Is 53569 a prime number?
True
Is 2333 a prime number?
True
Is 9883 prime?
True
Is 63766 a composite number?
True
Is 165307 prime?
False
Is 91997 composite?
False
Is 1133 composite?
True
Is 190207 a prime number?
True
Is 1487949 a composite number?
True
Is 787 composite?
False
Is 5279 a prime number?
True
Is 24599 prime?
False
Is 3967 prime?
True
Is 119953 a prime number?
True
Is 31907 a prime number?
True
Is 4201 prime?
True
Is 4393 a prime number?
False
Is 149 composite?
False
Is 505871 a prime number?
True
Is 25577 a composite number?
False
Is 108029 prime?
False
Is 21857 composite?
True
Is 159557 prime?
False
Is 13523 a prime number?
True
Is 10651 prime?
True
Is 1461 composite?
True
Is 6621 a composite number?
True
Is 23137 composite?
True
Is 1071073 prime?
False
Is 4327 composite?
False
Is 586741 composite?
False
Is 616201 prime?
False
Is 54199 composite?
True
Is 1104595 a composite number?
True
Is 1182839 prime?
False
Is 87 a prime number?
False
Is 9371 composite?
False
Is 2251 a composite number?
False
Is 2579 a composite number?
False
Is 77201 composite?
False
Is 4703 a prime number?
True
Is 165877 a prime number?
True
Is 53369 composite?
True
Is 114067 composite?
False
Is 1114205 prime?
False
Is 71777 composite?
False
Is 33955 a composite number?
True
Is 915383 composite?
True
Is 14227 a composite number?
True
Is 208657 a prime number?
True
Is 460799 prime?
False
Is 7411 a composite number?
False
Is 1133 a prime number?
False
Is 480346 a composite number?
True
Is 5513 composite?
True
Is 3519947 composite?
True
Is 211199 a composite number?
False
Is 10771 a prime number?
True
Is 34361 prime?
True
Is 63719 a composite number?
False
Is 196691 composite?
True
Is 15839 a composite number?
True
Is 5893 composite?
True
Is 135929 a prime number?
True
Is 55291 a composite number?
False
Is 12745 a prime number?
False
Is 35957 prime?
False
Is 136985 a composite number?
True
Is 477298 a prime number?
False
Is 11149 a composite number?
False
Is 1525957 a prime number?
True
Is 55343 a composite number?
False
Is 2508143 a composite number?
True
Is 1725073 prime?
False
Is 11857 composite?
True
Is 11995 composite?
True
Is 39279 a composite number?
True
Is 98801 composite?
False
Is 631361 a composite number?
False
Is 1523701 composite?
False
Is 217711 a prime number?
False
Is 9371 a composite number?
False
Is 587683 a prime number?
False
Is 425849 a composite number?
True
Is 56417 composite?
False
Is 46901 a prime number?
True
Is 36997 composite?
False
Is 2245 prime?
False
Is 41577 a composite number?
True
Is 74467 a composite number?
True
Is 2898023 a prime number?
False
Is 18923 composite?
True
Is 124633 a prime number?
True
Is 78367 a composite number?
False
Is 303749 a prime number?
True
Is 2501 a composite number?
True
Is 142141 prime?
False
Is 7121 a prime number?
True
Is 235085 prime?
False
Is 